*c**3 - 26*c**2 + 27*c - 136. What is d(8)?
-48
Let t(y) = -y**2 + 38*y - 192. What is t(21)?
165
Let v(y) = -682*y + 9556. Determine v(14).
8
Let s(w) = w**3 - 14*w**2 - 20*w + 14. Calculate s(13).
-415
Let t(w) = -5*w**2 - 29*w + 10. Give t(-7).
-32
Let u(t) = 4*t**2 + 37*t - 222. What is u(6)?
144
Let y(t) = -2*t**3 + 106*t**2 - 208*t + 2. Calculate y(51).
-202
Let v(u) = 3*u**3 + 81*u**2 + 44*u + 1184. Determine v(-27).
-4
Let a(p) = -154*p + 2546. Give a(12).
698
Let h(w) = w**3 - 56*w**2 + 490*w + 208. Calculate h(45).
-17
Let s(y) = -55*y + 817. Determine s(6).
487
Let x(h) = h**3 - 7*h**2 - 68*h + 7. Calculate x(12).
-89
Let h(c) = -50*c + 248. What is h(5)?
-2
Let w(c) = -5*c + 193. Calculate w(27).
58
Let j(y) = 53*y**3 + 640*y**2 + 50*y + 29. Calculate j(-12).
5
Let o(r) = 7*r - 315. Give o(52).
49
Let r(m) = -m**2 - 111*m + 1879. Determine r(15).
-11
Let q(u) = u**2 + 24*u + 35. Calculate q(-10).
-105
Let n(f) = f**3 - 203*f**2 - 621*f + 629. What is n(206)?
11
Let c(j) = -j**2 - 8*j - 394. What is c(0)?
-394
Let w(n) = n**3 + 56*n**2 - 299*n + 409. What is w(-61)?
43
Let n(m) = 26*m**2 - 174*m - 173. What is n(-1)?
27
Let b(c) = -c**3 - 12*c**2 + 181*c + 1523. Give b(-7).
11
Let c(v) = -v**3 + 32*v**2 - 171*v + 1655. Give c(28).
3
Let g(k) = 323*k - 44568. Determine g(138).
6
Let x(a) = a**2 + 30*a - 319. Determine x(8).
-15
Let r(t) = -t**3 + 41*t**2 + 37*t + 3. Calculate r(42).
-207
Let p(r) = -r**3 + 261*r**2 - 2506*r + 20. What is p(10)?
60
Let g(t) = 31*t + 1457. Give g(-47).
0
Let l(g) = 99*g - 1412. Determine l(15).
73
Let k(w) = -27*w**3 + 25*w**2 + 2*w - 4. Calculate k(1).
-4
Let l(m) = -m**2 - 8*m + 209. Calculate l(-18).
29
Let f(o) = -o**2 - 13*o - 57. What is f(-4)?
-21
Let b(n) = 223*n + 744. What is b(-3)?
75
Let h(d) = 7*d + 335. Determine h(-49).
-8
Let u(j) = j**3 + 47*j**2 + 86*j - 399. Determine u(-45).
-219
Let x(z) = 52*z**2 + 5876*z + 6. Determine x(-113).
6
Let i(x) = -x**3 - 16*x**2 - 30*x + 47. Determine i(-9).
-250
Let i(s) = -s**3 + 33*s**2 - 283*s + 167. Give i(16).
-9
Let c(i) = -3*i - 166. Give c(-39).
-49
Let s(a) = a**3 - 19*a**2 - 141*a - 235. Give s(25).
-10
Let i(f) = -f - 52. What is i(-39)?
-13
Let i(f) = -f**3 + 39*f**2 - 318*f + 112. What is i(11)?
2
Let u(f) = 87*f + 3142. Give u(-36).
10
Let v(r) = -69*r + 1423. Determine v(21).
-26
Let o(p) = 388*p + 44621. Determine o(-115).
1
Let r(m) = m - 51. What is r(65)?
14
Let t(g) = -g**3 + 8*g**2 + 60*g - 129. Calculate t(12).
15
Let h(p) = -357*p - 1785. Give h(-5).
0
Let m(z) = -2*z**3 + 85*z**2 - 46*z + 176. What is m(42)?
8
Let b(j) = 10152*j - 30460. Give b(3).
-4
Let p(h) = -2*h**3 - 7*h**2 + 2*h + 30. What is p(-4)?
38
Let i(t) = t**3 + 45*t**2 - 49*t - 212. Calculate i(-46).
-74
Let k(m) = 1461*m - 39459. What is k(27)?
-12
Let n(i) = i**2 - 24*i + 24. What is n(31)?
241
Let u(c) = c**3 + 61*c**2 + 332*c + 106. Determine u(-55).
-4
Let z(b) = b**3 - 6*b**2 - 9*b + 35. Calculate z(6).
-19
Let a(l) = 15*l + 266. Calculate a(-17).
11
Let y(q) = -942*q**2 - 14133*q - 38. Give y(-15).
7
Let b(s) = 5*s**2 - 67*s + 353. Determine b(8).
137
Let p(l) = l**3 - 15*l**2 - 35*l - 91. Determine p(17).
-108
Let l(j) = 88*j + 32. Calculate l(0).
32
Let o(u) = -2*u**3 - 17*u**2 + 560*u + 1. Determine o(13).
14
Let f(k) = 2*k**3 + 9*k**2 + 9*k + 44. What is f(-8)?
-476
Let c(d) = 48*d**3 + 528*d**2 + 3*d + 44. Calculate c(-11).
11
Let y(a) = -93*a**2 + 809*a - 30. Give y(9).
-282
Let i(o) = -2*o**3 + 5*o**2 - 2134*o + 8587. Give i(4).
3
Let a(j) = 2*j**2 + 214*j + 5022. What is a(-35)?
-18
Let p(w) = -w**3 - 11*w**2 + 265*w + 2751. Calculate p(-10).
1
Let b(s) = -s**2 - 18*s - 26. What is b(-16)?
6
Let g(v) = -2*v**3 - 25*v**2 + 11*v - 25. Calculate g(-13).
1
Let m(d) = -d**2 + 50*d + 398. Give m(-7).
-1
Let j(i) = -3*i**3 + 73*i**2 - 23*i - 3. Give j(24).
21
Let d(y) = 204*y - 34878. Determine d(171).
6
Let g(b) = 76*b**2 + 52*b - 145. Give g(3).
695
Let s(r) = -r**2 + 22*r + 14. What is s(23)?
-9
Let t(s) = -225*s**2 + 4. Determine t(-1).
-221
Let z(f) = 145*f - 413. Determine z(3).
22
Let j(p) = 1503*p + 12010. What is j(-8)?
-14
Let a(v) = 94*v - 3114. Determine a(33).
-12
Let f(t) = -34*t**3 + t**2 - 6*t + 5. What is f(1)?
-34
Let f(w) = -2*w**3 - 69*w**2 - 33*w + 84. Calculate f(-34).
50
Let q(x) = 2*x**2 - 181*x - 1167. What is q(-6)?
-9
Let d(m) = 2*m**3 + 14*m**2 + 30*m + 15. Determine d(-9).
-579
Let s(g) = 2*g - 1. Give s(12).
23
Let k(m) = -4*m**2 + 12*m - 29. What is k(5)?
-69
Let r(f) = 68*f + 230. What is r(-4)?
-42
Let f(v) = 115*v**2 + v - 6. Calculate f(-2).
452
Let h(v) = -4*v**2 + 22*v + 222. What is h(13)?
-168
Let d(q) = q**3 - 51*q**2 + 179*q - 51. Give d(47).
-474
Let m(y) = -2*y**3 - y + 149. Give m(0).
149
Let n(x) = 114*x + 1037. Give n(-9).
11
Let c(a) = 3*a**2 + 120*a - 520. What is c(-44)?
8
Let o(v) = -2*v**3 + 12*v**2 - 37*v + 107. Determine o(5).
-28
Let i(y) = 682*y - 2046. What is i(3)?
0
Let l(i) = 48*i + 3631. Calculate l(-76).
-17
Let c(h) = 46*h + 1806. Calculate c(-35).
196
Let y(r) = r**3 + 31*r**2 - 169*r + 392. Determine y(-36).
-4
Let g(p) = -2*p**3 - p**2 + 13*p - 10. Determine g(4).
-102
Let f(a) = a**3 - 2*a**2 + 2*a - 10. What is f(3)?
5
Let o(h) = 44*h - 14. Calculate o(1).
30
Let p(k) = 26*k + 170. Give p(-8).
-38
Let h(d) = 1337*d + 6698. Determine h(-5).
13
Let i(g) = 2*g**2 + 43*g + 190. Determine i(-8).
-26
Let i(a) = 37*a - 861. Determine i(24).
27
Let z(n) = 150*n**2 - 15447*n - 308. Give z(103).
1
Let o(c) = c**3 + 14*c**2 - c - 17. What is o(-11)?
357
Let r(j) = 302*j + 11994. What is r(-40)?
-86
Let t(d) = d**3 + 23*d**2 + 29*d - 12. Calculate t(-22).
-166
Let w(y) = y**3 + 7*y**2 - 3*y - 6. Determine w(0).
-6
Let n(p) = -p**3 - 17*p**2 + 42*p + 12. Determine n(-19).
-64
Let r(b) = -181*b + 94. Determine r(1).
-87
Let r(f) = -13*f + 566. Calculate r(5).
501
Let s(a) = 32*a**2 - a + 297. Determine s(0).
297
Let l(o) = 11*o**2 - 26*o - 289. Give l(-4).
-9
Let t(x) = x**2 - 52*x + 654. Determine t(34).
42
Let v(i) = -i**2 + 87*i - 494. Calculate v(6).
-8
Let l(w) = w**2 - 98*w + 2080. Calculate l(31).
3
Let v(u) = u**3 - 31*u**2 - 411*u + 46. Calculate v(41).
5
Let y(o) = 421*o - 6827. Give y(16).
-91
Let j(y) = -14*y + 249. Determine j(28).
-143
Let l(y) = -y**3 - 14*y**2 - 687*y - 2602. What is l(-4)?
-14
Let q(l) = -18*l - 70. Determine q(9).
-232
Let o(d) = -d**3 - 28*d**2 + 125*d - 132. What is o(-32)?
-36
Let o(w) = -119*w - 47. Determine o(-1).
72
Let p(i) = i - 78. Calculate p(-4).
-82
Let c(w) = w**2 + 245*w - 1495. Give c(6).
11
Let i(q) = 237*q + 242. What is i(-1)?
5
Let u(v) = -18*v**3 + 3*v**2 - 49*v - 104. Give u(-2).
150
Let g(k) = k**3 - 22*k**2 + 68*k + 272. What is g(17)?
-17
Let k(l) = 315*l + 4415. Determine k(-14).
5
Let y(v) = -3*v - 116. Give y(15).
-161
Let i(l) = -91*l - 2991. Give i(-32).
-79
Let v(i) = -i**3 + 6*i**2 + 15*i - 4. Calculate v(8).
-12
Let m(y) = y**2 - 24349*y + 121712. Give m(5).
-8
Let x(b) = -7675*b + 23007. Give x(3).
-18
Let t(p) = p**2 - 26*p + 88. Calculate t(30).
208
Let m(c) = 11*c + 38. Give m(-8).
-50
Let h(y) = -3658*y - 10948. Give h(-3).
26
Let j(p) = 3*p**3 + 351*p**2 - 350*p + 487. Determine j(-118).
15
Let k(p) = -28*p + 33. What is k(-3)?
117
Let q(u) = -9*u**3 + 110*u**2 + 377*u - 13. Determine q(15).
17
Let a(t) = -4919*t - 49208. What is a(-10)?
-18
Let r(x) = 2*x**2 + 224*x + 2401. Determine r(-11).
179
Let b(o) = 47*o + 7415. Determine b(-158).
-11
Let v(g) = -409*g - 4505. Give v(-11).
-6
Let z(h) = h**2 + 38*h + 352. Give z(-19).
-9
Let a(u) = -226*u + 180. What is a(1)?
-46
Let n(l) = l**2 + 262*l + 3505. Calculate n(-14).
33
Let n(u) = -87*u + 452. What is n(3)?
191
Let a(b) = -b**2 - 197*b - 576. What is a(-3)?
6
Let y(m) = -m**3 + 8*m**2 - 125*m + 1447. Give y(10).
-3
Let v(a) = -257*a**3 + a**2 + 4*a + 2. Give v(-1).
256
Let n(h) = -3*h**3 - 131*h**2 - 1408*h - 44. What is n(-19)?
-6
Let k(y) = -103*y**3 + 2*y**2 - y + 1. Determine k(1).
-101
Let f(t) = -t**3 - 136*t**2 - 4333*t + 175. Determine f(-85).
5
Let n(x) = -x**3 - 33*x**2 + 29*x - 163. What is n(-34)?
7
Let x(v) = -2*v**3 - 16*v**2 + 12*v + 27. Calculate x(-9).
81
Let x(t) = -179*t + 857. What is x(5)?
-38
Let z(n) = -177*n + 7104. What is z(40)?
24
Let v(w) = -120